876 (base 10) to base 13.
28cb7
104525 (base 6) to base 11
6704
What is -247a210 (base 12) in base 9?
-14366503
Convert -1d96c (base 15) to base 12.
-47b03
What is -980c8 (base 13) in base 4?
-1003011211
Convert -1700362 (base 8) to base 11.
-306517
What is 149b8c (base 14) in base 16?
af680
What is 508a47a (base 12) in base 15?
14d823d
Convert 39b9899 (base 13) to base 10.
18157486
What is -100110011000001100 (base 2) in base 13?
-56720
Convert 639151 (base 10) to base 14.
128cd9
What is 2030515 (base 6) in base 7?
553640
What is -111110001001111000 (base 2) in base 7?
-2110141
What is 12202101100120 (base 3) in base 5?
1240332123
-4371332 (base 9) to base 6
-122210515
What is 1000010110010001110 (base 2) in base 7?
2216344
-2150776 (base 8) to base 4
-2031013332
What is -19550 (base 13) in base 2?
-1100000001011100
-1340344012 (base 5) to base 12
-11a4562
300013021 (base 4) to base 10
197065
213143152 (base 6) to base 3
21010200202112
121120202020 (base 3) to base 7
2526426
Convert -4aabb9 (base 13) to base 6.
-102245031
Convert -12161113 (base 9) to base 6.
-331231320
-32022021013 (base 4) to base 11
-2105605
What is 4233221 (base 6) in base 9?
344604
Convert -1011001111100011001101 (base 2) to base 10.
-2947277
-19206a9 (base 11) to base 15
-443482
What is 783642 (base 12) in base 11?
1097968
Convert 1111011001010100111 (base 2) to base 9.
848021
Convert 8199c1 (base 13) to base 14.
5889da
Convert -60722 (base 12) to base 5.
-13003300
43221133 (base 5) to base 4
1121213003
Convert -48013 (base 11) to base 13.
-25681
13330132101 (base 4) to base 10
2082705
Convert -2ab3c5 (base 16) to base 14.
-52bc33
What is 6582d (base 14) in base 12?
ba315
635417 (base 9) to base 6
12033454
Convert 27212 (base 13) to base 8.
216226
What is -7ed3 (base 16) in base 10?
-32467
Convert 3121120002 (base 4) to base 11.
558a48
7685 (base 9) to base 7
22343
Convert 172011 (base 8) to base 5.
3444343
Convert 3535278 (base 9) to base 16.
1d3129
Convert -2211131110 (base 4) to base 12.
-288244
62493d (base 14) to base 4
30221231123
-21222202101212 (base 3) to base 11
-2440693
Convert 867537 (base 13) to base 15.
425a70
111001000111000111100 (base 2) to base 8
7107074
Convert -23508c (base 16) to base 6.
-121334420
What is -60223 (base 9) in base 14?
-105ad
Convert -11011000010111111 (base 2) to base 8.
-330277
What is 661414 (base 10) in base 12?
27a91a
144b (base 12) to base 11
1859
Convert 2a775 (base 14) to base 5.
11340442
What is -55bcd (base 14) in base 11?
-132416
What is -c18369 (base 13) in base 11?
-25a5672
Convert 210201320321 (base 4) to base 12.
32597b5
3a889 (base 14) to base 11
99522
What is -2024040322 (base 5) in base 16?
-3efb63
What is 12142021323 (base 5) in base 16?
dbd821
Convert -2719b (base 16) to base 11.
-aa366
Convert -4b05ab (base 12) to base 5.
-303134100
What is -4450430 (base 7) in base 8?
-2062236
120010111230 (base 4) to base 8
30042554
What is 15080 (base 15) in base 14?
1a900
What is b38919 (base 12) in base 9?
5258683
Convert -130222222 (base 4) to base 14.
-30b10
7463000 (base 8) to base 3
10202012202220
What is -214202024 (base 6) in base 5?
-1440414132
Convert -310410010 (base 5) to base 14.
-24c478
What is 379704 (base 10) in base 9?
637763
Convert -12141520 (base 7) to base 3.
-2001011111211
What is -100100000111101010011 (base 2) in base 11?
-739264
What is 3152052 (base 8) in base 4?
3031100222
1b421 (base 13) to base 11
37164
Convert -319195 (base 10) to base 13.
-b2396
What is 3266601 (base 8) in base 5?
211130001
Convert -1660332 (base 10) to base 13.
-46195b
-11465312 (base 7) to base 13
-29b53b
11110201322 (base 4) to base 7
14566334
What is -101101100001001010111 (base 2) in base 10?
-1491543
Convert -100066434 (base 7) to base 15.
-793076
100011001111011100010 (base 2) to base 9
2150055
Convert 180229c (base 13) to base 6.
435120234
20021310230 (base 4) to base 5
1021344023
What is -2192117 (base 11) in base 6?
-214135543
a108c2 (base 13) to base 12
1306109
What is 2021200021 (base 3) in base 5?
2414322
What is -1a7016 (base 11) in base 2?
-1001101010101111011
306014 (base 8) to base 4
120300030
Convert -2123544 (base 6) to base 4.
-121201120
What is 20225133 (base 7) in base 8?
6337372
79205 (base 12) to base 8
472345
Convert 6b6924 (base 12) to base 7.
20504560
20011003 (base 4) to base 2
1000000101000011
Convert 23550037 (base 8) to base 10.
5165087
What is -1324231030 (base 5) in base 12?
-11579a7
What is 3030647 (base 8) in base 7?
6535602
What is -104211506 (base 7) in base 13?
-13b7a60
Convert 13401120 (base 7) to base 13.
34738b
-22355053 (base 6) to base 7
-5546322
What is -5a03a (base 13) in base 11?
-102920
What is -31101 (base 11) in base 16?
-b140
-27030147 (base 8) to base 2
-10111000011000001100111
440132102 (base 5) to base 15
2721bc
Convert cbe425 (base 15) to base 2.
100101000100011100111000
Convert -200123 (base 7) to base 12.
-175a8
Convert 1011203324 (base 5) to base 3.
10212022222212
11110011101111010000101 (base 2) to base 9
16022765
What is 25148a (base 11) in base 3?
202011212212
Convert -17b70 (base 12) to base 8.
-103304
What is 1725d10 (base 14) in base 4?
223130020122
Convert -99241 (base 13) to base 7.
-2233126
Convert 5a81b (base 14) to base 3.
102020022101
-79b0c (base 15) to base 10
-387237
-2213222303 (base 4) to base 6
-22415255
What is 1041a7 (base 15) in base 5?
144221012
What is 2061716 (base 11) in base 7?
42611212
What is -a014 (base 16) in base 12?
-1b870
What is -2253121 (base 10) in base 5?
-1034044441
Convert 421103 (base 5) to base 2.
11011001001111
347b0 (base 12) to base 6
1301140
443132 (base 7) to base 8
230155
3442202 (base 5) to base 13
223bb
What is 31331030 (base 5) in base 10?
261390
10110111011011011 (base 2) to base 7
540543
What is 1010101111001001000 (base 2) in base 11?
220363
What is -b93b32 (base 12) in base 11?
-1721876
-156247 (base 10) to base 7
-1220350
What is -50031501 (base 7) in base 14?
-795671
-5233152 (base 6) to base 12
-1027b8
21012204 (base 5) to base 12
84004
-10101110000100110101 (base 2) to base 8
-2560465
Convert -239d65 (base 15) to base 13.
-4787c6
Convert 24345335 (base 6) to base 10.
776219
-21185 (base 10) to base 6
-242025
What is dd866 (base 14) in base 7?
4363556
What is -cb82c (base 13) in base 2?
-1011001111010100001
Convert 963656 (base 12) to base 14.
4599d0
2231423112 (base 5) to base 3
100022120101201
Convert 2582420 (base 10) to base 14.
4b3188
What is -71d01 (base 14) in base 8?
-1027435
Convert 1101102201000 (base 3) to base 4.
2303320203
What is 255342524 (base 6) in base 16?
4c9e94
-49149 (base 11) to base 9
-117004
Convert 830782 (base 9) to base 13.
143363
Convert 2040337 (base 8) to base 12.
221027
What is 11422130 (base 5) in base 9?
173766
Convert -a16804 (base 13) to base 2.
-1110010100111111111101
What is 1712b96 (base 12) in base 9?
8844756
Convert 1010111101101011010 (base 2) to base 16.
57b5a
Convert 63422104 (base 7) to base 14.
9d9c74
Convert -10334312 (base 5) to base 6.
-1532245
-152556 (base 8) to base 9
-82848
What is -121210121221 (base 3) in base 11?
-206501
What is -101112232 (base 4) in base 16?
-115ae
Convert -10222210020011 (base 3) to base 7.
-24014203
-25235332 (base 6) to base 16
-c6ae8
What is 233331000030 (base 4) in base 8?
57750014
What is -55e92b (base 16) in base 12?
-1a762b7
Convert -200725 (base 9) to base 12.
-58828
Convert -15530134 (base 7) to base 10.
-1503100
-33549 (base 12) to base 13
-2504a
Convert -1e609 (base 16) to base 7.
-1025520
Convert -744205 (base 8) to base 10.
-247941
What is 633040 (base 7) in base 3?
12112122211
-120131211 (base 4) to base 8
-303545
22c36 (base 15) to base 10
110751
29749 (base 16) to base 2
101001011101001001
-15052044 (base 6) to base 10
-520156
1527bd (base 14) to base 12
2b656b
What is -1372a6 (base 12) in base 13?
-b4366
3540502 (base 8) to base 16
ec142
Convert 1222344 (base 6) to base 8.
177530
What is -41a1875 (base 11) in base 7?
-116602635
11320c7 (base 13) to base 14
9b934a
Convert -723759 (base 10) to base 6.
-23302423
What is -2848441 (base 9) in base 14?
-2cb475
Convert 114231001 (base 5) to base 8.
2035555
-101220220120021 (base 3) to base 12
-1b3b25a
-1862637 (base 9) to base 16
-ff2b9
195b1 (base 13) to base 4
30002223
What is -